{"id":8523,"date":"2022-11-03T13:23:36","date_gmt":"2022-11-03T13:23:36","guid":{"rendered":"https:\/\/pinturasmxcrom.com\/?page_id=8523"},"modified":"2022-11-04T19:40:10","modified_gmt":"2022-11-04T19:40:10","slug":"elementor-8523","status":"publish","type":"page","link":"https:\/\/pinturasmxcrom.com\/index.php\/elementor-8523\/","title":{"rendered":"HOME 2"},"content":{"rendered":"\t\t<div data-elementor-type=\"wp-page\" data-elementor-id=\"8523\" class=\"elementor elementor-8523\">\n\t\t\t\t\t\t\t\t\t<section data-parallax=\"true\" data-parallax-options=\"{&quot;ease&quot;:[&quot;linear&quot;],&quot;start&quot;:&quot;top bottom&quot;,&quot;end&quot;:&quot;bottom+=0px top&quot;}\" data-parallax-from=\"[]\" data-parallax-to=\"[]\" class=\"elementor-section elementor-top-section elementor-element elementor-element-6a009e7e elementor-section-full_width elementor-section-height-default elementor-section-height-default\" data-id=\"6a009e7e\" data-element_type=\"section\">\n\t\t\t\t\t\t<div class=\"elementor-container elementor-column-gap-no\">\n\t\t\t\t\t<div class=\"elementor-column elementor-col-100 elementor-top-column elementor-element elementor-element-629156f0\" data-id=\"629156f0\" data-element_type=\"column\">\n\t\t\t<div class=\"elementor-widget-wrap elementor-element-populated\">\n\t\t\t\t\t\t\t\t<div class=\"elementor-element elementor-element-4a1cf927 elementor-widget__width-inherit elementor-widget elementor-widget-ld_slideshow_2\" data-id=\"4a1cf927\" data-element_type=\"widget\" data-widget_type=\"ld_slideshow_2.default\">\n\t\t\t\t<div class=\"elementor-widget-container\">\n\t\t\t\n\t\t<div class=\"lqd-vslider\">\n\n\t\t\t<div class=\"lqd-vslider-scrn w-100 pos-rel overflow-hidden\" data-lqd-slideshow=\"true\" data-inview=\"true\">\n\n\t\t\t\t<span class=\"lqd-vslider-loader d-inline-flex align-items-center justify-content-center border-radius-6 pos-abs z-index-3\">\n\t\t\t\t\t<span class=\"d-inline-flex border-radius-circle\"><\/span>\n\t\t\t\t<\/span>\n\n\t\t\t\t<div class=\"lqd-vslider-scrn-inner pos-rel overflow-hidden h-100\">\n\n\t\t\t\t\t<div class=\"lqd-vslider-ext lqd-overlay\">\n\t\t\t\t\t\n\t\t\t\t\t\t<ul class=\"reset-ul pos-rel\">\n\t\t\t\t\t\t\t\t\t\t\t\t\t\t\t\t\t\t\t\t\t\t<li class=\"z-index-3 pt-3 ps-3 pe-3 m-0 pos-abs is-active\">\n\t\t\t\t\t\t\t\t\t\t<div data-elementor-type=\"section\" data-elementor-id=\"7874\" class=\"elementor elementor-7874\">\n\t\t\t\t\t\t\t\t\t<section class=\"elementor-section elementor-top-section elementor-element elementor-element-2ae7ffc elementor-section-full_width elementor-section-height-default elementor-section-height-default\" data-id=\"2ae7ffc\" data-element_type=\"section\">\n\t\t\t\t\t\t<div class=\"elementor-container elementor-column-gap-extended\">\n\t\t\t\t\t<div class=\"elementor-column elementor-col-100 elementor-top-column elementor-element elementor-element-a5f152c\" data-id=\"a5f152c\" data-element_type=\"column\">\n\t\t\t<div class=\"elementor-widget-wrap elementor-element-populated\">\n\t\t\t\t\t\t\t\t<div class=\"elementor-element elementor-element-f82a861 elementor-widget elementor-widget-ld_fancy_image\" data-id=\"f82a861\" data-element_type=\"widget\" data-widget_type=\"ld_fancy_image.default\">\n\t\t\t\t<div class=\"elementor-widget-container\">\n\t\t\t\n\t\t\t<div class=\"lqd-imggrp-single d-inline-flex pos-rel align-items-center justify-content-center\"   >\n\t\t\t\t\n\t\t\t\t\n\t\t\t\t<div class=\"lqd-imggrp-img-container pos-rel\" >\n\t\t\t\t\t\n\t\t\t\t\t<figure\n\t\t\t\t\t\tclass=\"w-100 pos-rel\"\n\t\t\t\t\t\t\t\t\t\t\t\t\t\t\t\t\t>\n\t\t\t\t\t\t<img width=\"479\" height=\"244\" src=\"https:\/\/pinturasmxcrom.com\/wp-content\/uploads\/2022\/11\/logo-Mxcrom-azul-500px-1.png\" class=\"attachment-full size-full\" alt=\"\" srcset=\"https:\/\/pinturasmxcrom.com\/wp-content\/uploads\/2022\/11\/logo-Mxcrom-azul-500px-1.png 479w, https:\/\/pinturasmxcrom.com\/wp-content\/uploads\/2022\/11\/logo-Mxcrom-azul-500px-1-300x153.png 300w\" sizes=\"(max-width: 479px) 100vw, 479px\" \/>\t\t\t\t\t\t\t\t\t\t\t\t\t\t\t\t\t\t\t\t\t\t\t\t\t\t\t\t\t\t\t\t\t\t\t\t\t\t\t\t\t\t\t\t\t\t\t<\/figure>\n\t\t\t\t\t\n\t\t\t\t<\/div>\n\t\t\t<\/div>\n\n\t\t\t\t<\/div>\n\t\t\t\t<\/div>\n\t\t\t\t<div class=\"elementor-element elementor-element-b8df8c1 elementor-widget elementor-widget-hub_fancy_heading\" data-id=\"b8df8c1\" data-element_type=\"widget\" data-widget_type=\"hub_fancy_heading.default\">\n\t\t\t\t<div class=\"elementor-widget-container\">\n\t\t\t\n\t\t<div id=\"ld-fancy-heading-69f272faa60e3\" class=\"ld-fancy-heading pos-rel\">\n\t\t\t<h2 class=\"ld-fh-element d-inline-block pos-rel elementor-heading-title normal lqd-highlight-classic lqd-highlight-grow-left h2\"  > NOVACOLORS<\/h2>\t\t<\/div>\n\n\t\t\t\t<\/div>\n\t\t\t\t<\/div>\n\t\t\t\t<div class=\"elementor-element elementor-element-2f11db8 elementor-widget elementor-widget-hub_fancy_heading\" data-id=\"2f11db8\" data-element_type=\"widget\" data-widget_type=\"hub_fancy_heading.default\">\n\t\t\t\t<div class=\"elementor-widget-container\">\n\t\t\t\n\t\t<div id=\"ld-fancy-heading-69f272faa7d4f\" class=\"ld-fancy-heading pos-rel\">\n\t\t\t\t\t<\/div>\n\n\t\t\t\t<\/div>\n\t\t\t\t<\/div>\n\t\t\t\t\t<\/div>\n\t\t<\/div>\n\t\t\t\t\t\t\t<\/div>\n\t\t<\/section>\n\t\t\t\t\t\t\t<\/div>\n\t\t\t\t\t\t\t\t\t\t<\/li>\n\t\t\t\t\t\t\t\t\t\t\t\t\t\t\t\t\t\t\t\t\t\t<li class=\"z-index-3 pt-3 ps-3 pe-3 m-0 pos-abs \">\n\t\t\t\t\t\t\t\t\t\t<div data-elementor-type=\"section\" data-elementor-id=\"7882\" class=\"elementor elementor-7882\">\n\t\t\t\t\t\t\t\t\t<section class=\"elementor-section elementor-top-section elementor-element elementor-element-22af154 elementor-section-full_width elementor-section-height-default elementor-section-height-default\" data-id=\"22af154\" data-element_type=\"section\">\n\t\t\t\t\t\t<div class=\"elementor-container elementor-column-gap-extended\">\n\t\t\t\t\t<div class=\"elementor-column elementor-col-100 elementor-top-column elementor-element elementor-element-4d73900\" data-id=\"4d73900\" data-element_type=\"column\">\n\t\t\t<div class=\"elementor-widget-wrap elementor-element-populated\">\n\t\t\t\t\t\t\t\t<div class=\"elementor-element elementor-element-dd16e56 elementor-widget elementor-widget-hub_fancy_heading\" data-id=\"dd16e56\" data-element_type=\"widget\" data-widget_type=\"hub_fancy_heading.default\">\n\t\t\t\t<div class=\"elementor-widget-container\">\n\t\t\t\n\t\t<div id=\"ld-fancy-heading-69f272faad490\" class=\"ld-fancy-heading pos-rel\">\n\t\t\t<h2 class=\"ld-fh-element d-inline-block pos-rel elementor-heading-title normal lqd-highlight-classic lqd-highlight-grow-left h2\"  > COLORATE<\/h2>\t\t<\/div>\n\n\t\t\t\t<\/div>\n\t\t\t\t<\/div>\n\t\t\t\t<div class=\"elementor-element elementor-element-63e413e elementor-widget elementor-widget-hub_fancy_heading\" data-id=\"63e413e\" data-element_type=\"widget\" data-widget_type=\"hub_fancy_heading.default\">\n\t\t\t\t<div class=\"elementor-widget-container\">\n\t\t\t\n\t\t<div id=\"ld-fancy-heading-69f272faaef6f\" class=\"ld-fancy-heading pos-rel\">\n\t\t\t<p class=\"ld-fh-element d-inline-block pos-rel normal lqd-highlight-classic lqd-highlight-grow-left p\"  > La opci\u00f3n correcta para cada idea<\/p>\t\t<\/div>\n\n\t\t\t\t<\/div>\n\t\t\t\t<\/div>\n\t\t\t\t\t<\/div>\n\t\t<\/div>\n\t\t\t\t\t\t\t<\/div>\n\t\t<\/section>\n\t\t\t\t\t\t\t<\/div>\n\t\t\t\t\t\t\t\t\t\t<\/li>\n\t\t\t\t\t\t\t\t\t\t\t\t\t\t\t\t\t\t\t\t\t\t<li class=\"z-index-3 pt-3 ps-3 pe-3 m-0 pos-abs \">\n\t\t\t\t\t\t\t\t\t\t<div data-elementor-type=\"section\" data-elementor-id=\"7883\" class=\"elementor elementor-7883\">\n\t\t\t\t\t\t\t\t\t<section class=\"elementor-section elementor-top-section elementor-element elementor-element-26e033b elementor-section-full_width elementor-section-height-default elementor-section-height-default\" data-id=\"26e033b\" data-element_type=\"section\">\n\t\t\t\t\t\t<div class=\"elementor-container elementor-column-gap-extended\">\n\t\t\t\t\t<div class=\"elementor-column elementor-col-100 elementor-top-column elementor-element elementor-element-0b95d8a\" data-id=\"0b95d8a\" data-element_type=\"column\">\n\t\t\t<div class=\"elementor-widget-wrap elementor-element-populated\">\n\t\t\t\t\t\t\t\t<div class=\"elementor-element elementor-element-6b2d7e8 elementor-widget elementor-widget-hub_fancy_heading\" data-id=\"6b2d7e8\" data-element_type=\"widget\" data-widget_type=\"hub_fancy_heading.default\">\n\t\t\t\t<div class=\"elementor-widget-container\">\n\t\t\t\n\t\t<div id=\"ld-fancy-heading-69f272fab402b\" class=\"ld-fancy-heading pos-rel\">\n\t\t\t<h2 class=\"ld-fh-element d-inline-block pos-rel elementor-heading-title normal lqd-highlight-classic lqd-highlight-grow-left h2\"  > Color Jet<\/h2>\t\t<\/div>\n\n\t\t\t\t<\/div>\n\t\t\t\t<\/div>\n\t\t\t\t<div class=\"elementor-element elementor-element-afae439 elementor-widget elementor-widget-hub_fancy_heading\" data-id=\"afae439\" data-element_type=\"widget\" data-widget_type=\"hub_fancy_heading.default\">\n\t\t\t\t<div class=\"elementor-widget-container\">\n\t\t\t\n\t\t<div id=\"ld-fancy-heading-69f272fab4f79\" class=\"ld-fancy-heading pos-rel\">\n\t\t\t<p class=\"ld-fh-element d-inline-block pos-rel normal lqd-highlight-classic lqd-highlight-grow-left p\"  >  Excelente durabilidad con calidad<\/p>\t\t<\/div>\n\n\t\t\t\t<\/div>\n\t\t\t\t<\/div>\n\t\t\t\t\t<\/div>\n\t\t<\/div>\n\t\t\t\t\t\t\t<\/div>\n\t\t<\/section>\n\t\t\t\t\t\t\t<\/div>\n\t\t\t\t\t\t\t\t\t\t<\/li>\n\t\t\t\t\t\t\t\t\t\t\t\t\t\t\t\t\t\t\t\t\t\t<li class=\"z-index-3 pt-3 ps-3 pe-3 m-0 pos-abs \">\n\t\t\t\t\t\t\t\t\t\t<div data-elementor-type=\"section\" data-elementor-id=\"7884\" class=\"elementor elementor-7884\">\n\t\t\t\t\t\t\t\t\t<section class=\"elementor-section elementor-top-section elementor-element elementor-element-27e63cf elementor-section-full_width elementor-section-height-default elementor-section-height-default\" data-id=\"27e63cf\" data-element_type=\"section\">\n\t\t\t\t\t\t<div class=\"elementor-container elementor-column-gap-extended\">\n\t\t\t\t\t<div class=\"elementor-column elementor-col-100 elementor-top-column elementor-element elementor-element-d68ffce\" data-id=\"d68ffce\" data-element_type=\"column\">\n\t\t\t<div class=\"elementor-widget-wrap elementor-element-populated\">\n\t\t\t\t\t\t\t\t<div class=\"elementor-element elementor-element-4ec2ff7 elementor-widget elementor-widget-hub_fancy_heading\" data-id=\"4ec2ff7\" data-element_type=\"widget\" data-widget_type=\"hub_fancy_heading.default\">\n\t\t\t\t<div class=\"elementor-widget-container\">\n\t\t\t\n\t\t<div id=\"ld-fancy-heading-69f272fab90ba\" class=\"ld-fancy-heading pos-rel\">\n\t\t\t<h2 class=\"ld-fh-element d-inline-block pos-rel elementor-heading-title normal lqd-highlight-classic lqd-highlight-grow-left h2\"  > GOLD COLORS<\/h2>\t\t<\/div>\n\n\t\t\t\t<\/div>\n\t\t\t\t<\/div>\n\t\t\t\t<div class=\"elementor-element elementor-element-c6c526b elementor-widget elementor-widget-hub_fancy_heading\" data-id=\"c6c526b\" data-element_type=\"widget\" data-widget_type=\"hub_fancy_heading.default\">\n\t\t\t\t<div class=\"elementor-widget-container\">\n\t\t\t\n\t\t<div id=\"ld-fancy-heading-69f272faba5be\" class=\"ld-fancy-heading pos-rel\">\n\t\t\t<p class=\"ld-fh-element d-inline-block pos-rel normal lqd-highlight-classic lqd-highlight-grow-left p\"  >  Acabado brillante con m\u00e1xima garant\u00eda<\/p>\t\t<\/div>\n\n\t\t\t\t<\/div>\n\t\t\t\t<\/div>\n\t\t\t\t\t<\/div>\n\t\t<\/div>\n\t\t\t\t\t\t\t<\/div>\n\t\t<\/section>\n\t\t\t\t\t\t\t<\/div>\n\t\t\t\t\t\t\t\t\t\t<\/li>\n\t\t\t\t\t\t\t\t\t\t\t\t\t\t\t\t\t\t\t\t<\/ul>\n\n\t\t\t\t\t<\/div>\n\n\t\t\t\t\t<div class=\"lqd-vslider-images lqd-overlay z-index-0\">\n\t\t\t\t\t\t\t\t\t\t\t\t\t\t\t\t\t\t\t<figure class=\"pos-abs overflow-hidden is-active\">\n\t\t\t\t\t\t\t<img class=\"w-100 h-100 lqd-overlay objfit-cover objfit-center\" src=\"data:image\/gif;base64,R0lGODlhAQABAAD\/ACwAAAAAAQABAAACADs=\" data-src=\"https:\/\/pinturasmxcrom.com\/wp-content\/uploads\/2022\/11\/Diseno-sin-titulo20.png\" alt=\"\" \/>\t\t\t\t\t\t\t<\/figure>\n\t\t\t\t\t\t\t\t\t\t\t\t\t\t\t\t\t\t\t<figure class=\"pos-abs overflow-hidden \">\n\t\t\t\t\t\t\t<img class=\"w-100 h-100 lqd-overlay objfit-cover objfit-center\" src=\"data:image\/gif;base64,R0lGODlhAQABAAD\/ACwAAAAAAQABAAACADs=\" data-src=\"https:\/\/pinturasmxcrom.com\/wp-content\/uploads\/2022\/11\/Disen\u0303o-sin-ti\u0301tulo20.png\" alt=\"\" \/>\t\t\t\t\t\t\t<\/figure>\n\t\t\t\t\t\t\t\t\t\t\t\t\t\t\t\t\t\t\t<figure class=\"pos-abs overflow-hidden \">\n\t\t\t\t\t\t\t<img class=\"w-100 h-100 lqd-overlay objfit-cover objfit-center\" src=\"data:image\/gif;base64,R0lGODlhAQABAAD\/ACwAAAAAAQABAAACADs=\" data-src=\"https:\/\/pinturasmxcrom.com\/wp-content\/uploads\/2022\/11\/Diseno-sin-titulo22.png\" alt=\"\" \/>\t\t\t\t\t\t\t<\/figure>\n\t\t\t\t\t\t\t\t\t\t\t\t\t\t\t\t\t\t\t<figure class=\"pos-abs overflow-hidden \">\n\t\t\t\t\t\t\t<img class=\"w-100 h-100 lqd-overlay objfit-cover objfit-center\" src=\"data:image\/gif;base64,R0lGODlhAQABAAD\/ACwAAAAAAQABAAACADs=\" data-src=\"https:\/\/pinturasmxcrom.com\/wp-content\/uploads\/2022\/11\/Diseno-sin-titulo23.png\" alt=\"\" \/>\t\t\t\t\t\t\t<\/figure>\n\t\t\t\t\t\t\t\t\t\t\t\t\t\t\t\t\t<\/div>\n\t\t\t\t\n\t\t\t\t\t\n\t\t\t\t\t<div class=\"lqd-vslider-menu lqd-overlay z-index-2\">\n\n\t\t\t\t\t\t<ul class=\"reset-ul d-flex flex-column lqd-overlay text-vertical\">\n\t\t\t\t\t\t\t\t\t\t\t\t\t\t\t\t\t\t\t\t\t\t<li class=\"d-flex align-items-end p-4 m-0 pos-rel is-active\">\n\t\t\t\t\t\t\t\t\t<a class=\"lqd-webgl-slideshow-link p-4\" href=\"#\">\n\t\t\t\t\t\t\t\t\t\t<span class=\"d-inline-flex\">NOVACOLORS<\/span>\n\t\t\t\t\t\t\t\t\t<\/a>\n\t\t\t\t\t\t\t\t<\/li>\n\t\t\t\t\t\t\t\t\t\t\t\t\t\t\t\t\t\t\t\t\t\t<li class=\"d-flex align-items-end p-4 m-0 pos-rel \">\n\t\t\t\t\t\t\t\t\t<a class=\"lqd-webgl-slideshow-link p-4\" href=\"#\">\n\t\t\t\t\t\t\t\t\t\t<span class=\"d-inline-flex\">COLORATE<\/span>\n\t\t\t\t\t\t\t\t\t<\/a>\n\t\t\t\t\t\t\t\t<\/li>\n\t\t\t\t\t\t\t\t\t\t\t\t\t\t\t\t\t\t\t\t\t\t<li class=\"d-flex align-items-end p-4 m-0 pos-rel \">\n\t\t\t\t\t\t\t\t\t<a class=\"lqd-webgl-slideshow-link p-4\" href=\"#\">\n\t\t\t\t\t\t\t\t\t\t<span class=\"d-inline-flex\">COLOR JET<\/span>\n\t\t\t\t\t\t\t\t\t<\/a>\n\t\t\t\t\t\t\t\t<\/li>\n\t\t\t\t\t\t\t\t\t\t\t\t\t\t\t\t\t\t\t\t\t\t<li class=\"d-flex align-items-end p-4 m-0 pos-rel \">\n\t\t\t\t\t\t\t\t\t<a class=\"lqd-webgl-slideshow-link p-4\" href=\"#\">\n\t\t\t\t\t\t\t\t\t\t<span class=\"d-inline-flex\">GOLD COLORS<\/span>\n\t\t\t\t\t\t\t\t\t<\/a>\n\t\t\t\t\t\t\t\t<\/li>\n\t\t\t\t\t\t\t\t\t\t\t\t\t\t\t\t\t\t\t\t<\/ul>\n\n\t\t\t\t\t<\/div>\n\n\t\t\t\t<\/div>\n\n\t\t\t\t\n\t\t\t<\/div>\n\n\t\t<\/div>\n\t\t\n\t\t\t\t<\/div>\n\t\t\t\t<\/div>\n\t\t\t\t\t<\/div>\n\t\t<\/div>\n\t\t\t\t\t\t\t<\/div>\n\t\t<\/section>\n\t\t\t\t\t\t\t<\/div>\n\t\t","protected":false},"excerpt":{"rendered":"<p>NOVACOLORS COLORATE La opci\u00f3n correcta para cada idea Color Jet Excelente durabilidad con calidad GOLD COLORS Acabado brillante con m\u00e1xima garant\u00eda NOVACOLORS COLORATE COLOR JET GOLD COLORS<\/p>\n","protected":false},"author":1,"featured_media":0,"parent":0,"menu_order":0,"comment_status":"closed","ping_status":"closed","template":"","meta":{"om_disable_all_campaigns":false,"_monsterinsights_skip_tracking":false,"_monsterinsights_sitenote_active":false,"_monsterinsights_sitenote_note":"","_monsterinsights_sitenote_category":0},"aioseo_notices":[],"_links":{"self":[{"href":"https:\/\/pinturasmxcrom.com\/index.php\/wp-json\/wp\/v2\/pages\/8523"}],"collection":[{"href":"https:\/\/pinturasmxcrom.com\/index.php\/wp-json\/wp\/v2\/pages"}],"about":[{"href":"https:\/\/pinturasmxcrom.com\/index.php\/wp-json\/wp\/v2\/types\/page"}],"author":[{"embeddable":true,"href":"https:\/\/pinturasmxcrom.com\/index.php\/wp-json\/wp\/v2\/users\/1"}],"replies":[{"embeddable":true,"href":"https:\/\/pinturasmxcrom.com\/index.php\/wp-json\/wp\/v2\/comments?post=8523"}],"version-history":[{"count":17,"href":"https:\/\/pinturasmxcrom.com\/index.php\/wp-json\/wp\/v2\/pages\/8523\/revisions"}],"predecessor-version":[{"id":8600,"href":"https:\/\/pinturasmxcrom.com\/index.php\/wp-json\/wp\/v2\/pages\/8523\/revisions\/8600"}],"wp:attachment":[{"href":"https:\/\/pinturasmxcrom.com\/index.php\/wp-json\/wp\/v2\/media?parent=8523"}],"curies":[{"name":"wp","href":"https:\/\/api.w.org\/{rel}","templated":true}]}}